 + 4, -7*x + 3*m = -5*x - 21. Let h(c) = 4*c**3 - 7*c**2 + 9*c + 4. Let f be h(x). Calculate the highest common factor of 4 and f.
4
Suppose -2*w + 166 + 218 = 3*x, -w = -4*x + 512. Let y = -52 + 68. What is the highest common divisor of x and y?
16
Let c = 9 - 13. Let a be 612/(-21)*14/c. What is the highest common factor of a and 51?
51
Suppose q - 2 - 4 = 0. Suppose 3*h = -4*t + t - q, 0 = -4*h - 5*t - 11. Calculate the greatest common factor of 11 and h.
1
Let a = -840 + 1140. Calculate the highest common factor of a and 24.
12
Let j be -1*1/2*-72. Let l = -34 - -42. What is the greatest common factor of l and j?
4
Let y(v) = -53*v + 223. Let f be y(4). What is the greatest common divisor of 891 and f?
11
Suppose -n + 4*r + 14 = 0, -5*r - 12 = -n - 3*n. Let g be 2 + -2*(43/n)/1. What is the highest common factor of 9 and g?
9
Let o be 0 + -3 + 2 + -1. Let g(w) = 7*w**3 - w - 2. Let k be g(o). Let p be k/(-6) + 16/(-12). Calculate the highest common factor of p and 56.
8
Let q(g) = -2*g**2 + 8*g - 3. Let j be q(3). Suppose 5 = -x, -x - 4*x + 2 = 3*b. What is the greatest common divisor of b and j?
3
Let g(z) = 475*z - 20. Let r be g(1). What is the greatest common factor of 35 and r?
35
Let p = 615 - 430. Let b = p - 38. Calculate the highest common divisor of 21 and b.
21
Suppose -7*x = -3*x - 192. Suppose -2*h + 61 = 11. Suppose 9 = -a + 5*k, 3*k - 8 - h = -4*a. What is the greatest common divisor of a and x?
6
Let w be 22/(-55) - 602/(-5). Calculate the highest common factor of 15 and w.
15
Let p(l) = l + 6. Let r be p(-8). Let m(t) = -t**3 + t - 2. Let o be m(r). Suppose o*s = 2*s + 46. What is the greatest common divisor of 23 and s?
23
Let p(l) = 9*l**2 - 6*l - l**3 - 2*l - 1 - 1. Let h be p(8). Let x be (-186)/15*5/h. Calculate the highest common divisor of 248 and x.
31
Suppose -3*h = -2*z + 3 + 42, -3*z + 60 = -3*h. Let w be (z/6)/(6/84). What is the greatest common divisor of 5 and w?
5
Suppose 0 = 5*f + 11*f - 3360. Calculate the highest common divisor of 84 and f.
42
Let b = 918 + -915. Suppose 3*y + 3*a = 4*y - 21, -40 = -2*y + 5*a. What is the greatest common factor of y and b?
3
Let y(h) = -149*h + 28. Let b be y(-3). Calculate the highest common divisor of b and 25.
25
Let z be (24/42)/((-2)/(-7)). Suppose 2*u + u + 4*v = -17, -z*v - 6 = 4*u. Calculate the greatest common divisor of 9 and u.
1
Let f be 12/(-4 - -2)*(-19)/6. Calculate the highest common factor of f and 1919.
19
Let t(k) = 5*k**2 - k - 9. Let q be t(8). Suppose -z + 102 = -5*b, -b + q = z + 3*z. Calculate the highest common factor of z and 11.
11
Suppose 5*i + n - 31 = 0, 0*i - 5 = i + 3*n. Suppose 2*d - 4*j + 68 = i*d, 2*d - 2*j = 38. Calculate the highest common factor of d and 16.
16
Let g be (-1)/2 + (-2223)/(-6). Suppose -o + 0*o + 5 = -5*d, -2*o = -d - 10. Let n be (-185)/o*1*-1. Calculate the greatest common divisor of g and n.
37
Let d = -64 - -73. Suppose 0 = -4*o + d*o - 105. Calculate the highest common factor of o and 105.
21
Suppose -16*z = -1218 + 130. What is the greatest common divisor of z and 4?
4
Let b be (480/(-12))/(1/(-2)). Suppose 6*i - 10*i = -b. What is the highest common factor of 20 and i?
20
Suppose 5*h = 39 + 16. What is the greatest common divisor of h and 2?
1
Let b be 7/(-14)*(-2 - 1532). Calculate the greatest common factor of 13 and b.
13
Let f(k) = 5*k - 1. Let i be f(1). Suppose 0 = 4*p + g + 41, 0*g = -i*p + 2*g - 38. Let x be (-2)/6 - p/3. Calculate the greatest common divisor of 33 and x.
3
Suppose 77 = 5*o + 4*w, -3*w - 6 = -5*o + 50. Let l be 4/(-3 - o/(-4)). What is the greatest common factor of 176 and l?
16
Let d(c) = -c**2 - 16*c - 24. Let s be d(-12). Calculate the highest common factor of 48 and s.
24
Suppose 0 = -17*c + 2*c + 1560. What is the highest common factor of c and 39?
13
Let f(v) = -v**3 - 17*v**2 - 20*v - 58. Let r be f(-16). Let u = -30 - -42. What is the highest common divisor of r and u?
6
Let k be (21/4)/(3/24). Let j(o) = 6*o**2 + 3*o. Let c be j(3). Calculate the highest common divisor of k and c.
21
Let p = 263 + -254. What is the greatest common factor of 33 and p?
3
Let p = -35 - -110. Suppose -2*w = -4*i + 3*w + p, -5*w = 3*i - 100. What is the greatest common divisor of i and 225?
25
Let q = -209 + 258. What is the greatest common factor of q and 14?
7
Let c = 17 + -19. Let i(s) = -s**2 - s - 77. Let d be i(0). Let r be (-1)/((-153)/d + c). Calculate the highest common divisor of r and 7.
7
Suppose 1762 = 5*n + 3*j, -2*j = n + j - 362. What is the greatest common factor of 14 and n?
14
Suppose -2*f + 3*c + 1017 = 0, 2*f + 5*c - 1035 = 2*c. What is the greatest common divisor of f and 27?
27
Suppose 2*f + 5*k = -9, -2*f = f - 3*k - 18. Let a = 14 - f. Calculate the greatest common factor of a and 121.
11
Let u(a) = a**3 + 12*a**2 + 11*a + 8. Let m be u(-7). Let r(d) = -d**2 - d + 1. Let l be r(5). Let t = l + 51. What is the highest common divisor of t and m?
22
Suppose 0 = -0*p - 4*p + 88. Let d = -26 + p. Let u be 574/8 + (-1)/d. Calculate the greatest common factor of u and 12.
12
Suppose 5*n - 33*n = -1680. Calculate the highest common factor of n and 660.
60
Let i be -9 + 9 - (1 + -93). What is the highest common divisor of i and 69?
23
Suppose b = w - 848, -3*w - 24*b = -21*b - 2520. Calculate the greatest common factor of w and 8.
4
Suppose 5*z - 3*v - 13 = -0, 0 = 4*z - v - 16. Suppose -2*x + 15 = -z. Let g be -4*6/9*30/(-4). Calculate the greatest common divisor of x and g.
10
Let z be ((-2)/(-6))/(12/(-144)). Let f be (56/(-6))/(z - 236/(-60)). What is the highest common factor of f and 20?
20
Suppose -a = 2*u - 31, -33 - 16 = -3*u + a. Suppose 0 = -t - 3*t. Suppose -6*v + v + 200 = t. What is the greatest common divisor of u and v?
8
Let u(i) = -i**2 - 20*i - 51. Suppose 0 = -0*n - 3*n - 42. Let m be u(n). Calculate the greatest common divisor of m and 11.
11
Suppose 4*t + t = 15. Suppose 8 = t*j - 22. Calculate the highest common factor of j and 25.
5
Let o = -11 + 107. Let x(b) = -1 + 3 - b - 1 + 5. Let q be x(-6). What is the highest common divisor of q and o?
12
Let o be (24 - 0)*(-24)/(-36). What is the greatest common factor of o and 200?
8
Let r = 98 - 34. Let s = 24286 + -24238. What is the greatest common divisor of s and r?
16
Suppose -3*z + 18 + 33 = 0. Suppose 4*p = z - 65. Let n = p + 21. What is the greatest common divisor of n and 27?
9
Let q be (-4)/(-5 + (-58)/(-12)). Calculate the highest common divisor of 228 and q.
12
Suppose -4*t = -189 - 1291. What is the highest common factor of t and 148?
74
Let u = 9 + -9. Suppose 2*s - 3*s = u. Suppose s*b + 140 = 4*b. What is the highest common divisor of 7 and b?
7
Let m be (-635)/(-25) + -2 + 16/10. Let x = -32 - -42. Calculate the greatest common factor of m and x.
5
Let y(k) = k**2 + 5*k + 4. Let z be y(-6). Let c be (2 - 0/2)*z. Suppose 0 = q - 10 - 50. Calculate the greatest common divisor of c and q.
20
Suppose 3*b = 7*b - 36. Suppose -992 + 1133 = 47*s. Calculate the highest common factor of b and s.
3
Let g be 8/32*28*4. What is the greatest common divisor of g and 770?
14
Let b = -468 - -1664. Calculate the greatest common factor of 78 and b.
26
Suppose f - 70 = l, 120*f - 116*f + 2*l - 256 = 0. Let p = 48 - 27. Suppose 5*m = -2*o + 7, -5*o + 3*m = -2*o - p. What is the highest common factor of o and f?
6
Let n(c) = -15*c - 231. Let z be n(-18). What is the highest common factor of z and 377?
13
Let b(u) = 5*u**2 + 8*u - 5. Let z be b(3). Let i be 24/z + (-5626)/(-16). Calculate the highest common divisor of 44 and i.
44
Let j(l) = l - 8. Let t be j(5). Let g be 436 - (3 + t + -3). Suppose 0 = -b - 5*z + 141, -z = 4*b - 6*z - g. Calculate the greatest common divisor of b and 29.
29
Suppose 0 = 4*f - 0*g - 4*g, 0 = 3*f - 2*g - 4. Suppose 4*n + 0*n = 3*i + 5, 4*i - 40 = -f*n. What is the highest common divisor of 5 and i?
5
Let j = 30 - 10. Suppose 3*v + 33 = -4*z, -5*z + 2*v - j = -3*z. Let u = z - -27. What is the greatest common factor of 144 and u?
18
Let o(y) = -y**3 - 3*y**3 - 14*y + 15*y + 1 + y**2. Let x be o(-1). Let n(v) = -14*v - 11. Let l be n(-4). Calculate the highest common factor of x and l.
5
Suppose 3*l - 26*l + 9361 = 0. What is the greatest common factor of l and 37?
37
Let l = 311 + -253.